+ -1d3?
-409
In base 9, what is 1 + 446143?
446144
In base 5, what is 1211131 + 0?
1211131
In base 3, what is 0 - -1101001111?
1101001111
In base 2, what is 1001110111010 + -11100000?
1001011011010
In base 16, what is -4027 - 11?
-4038
In base 10, what is 20 - 102?
-82
In base 14, what is 46 + 93?
d9
In base 14, what is -b51 - 36?
-b87
In base 9, what is -244 + 23842?
23587
In base 6, what is -4 - 300550?
-300554
In base 3, what is 200101 - 20120212?
-12220111
In base 2, what is -111001000001 - -11101?
-111000100100
In base 16, what is 7 - -3d2b?
3d32
In base 9, what is -10 + -7055?
-7065
In base 11, what is -2481a4 - 2?
-2481a6
In base 2, what is 111011101001 + -101?
111011100100
In base 4, what is -13300 - -22201?
2301
In base 4, what is -33 + -220322?
-221021
In base 3, what is -200002010002 + 0?
-200002010002
In base 3, what is 2011001121211 + 10?
2011001121221
In base 6, what is 42 - 2110?
-2024
In base 11, what is -1 + -4548?
-4549
In base 15, what is -d + d62?
d54
In base 5, what is -12331 - 2123?
-20004
In base 16, what is -5 + 23147?
23142
In base 15, what is 11230 - -1?
11231
In base 14, what is d + -7b67?
-7b58
In base 10, what is -1275 + 2?
-1273
In base 13, what is c6 + 533?
629
In base 2, what is 10 + 11101100100000101?
11101100100000111
In base 16, what is 0 + 80bc6?
80bc6
In base 10, what is -3 - 202075?
-202078
In base 15, what is 1 - -2615?
2616
In base 16, what is -7 - -2606?
25ff
In base 8, what is 1 - -27072?
27073
In base 14, what is -71 + 118?
87
In base 15, what is 2a5ba + 5?
2a5c0
In base 4, what is 120 + 1012031?
1012211
In base 12, what is -2 + -1a357?
-1a359
In base 5, what is -4 - -122324002?
122323443
In base 9, what is 3 - -134024?
134027
In base 2, what is 110110 + -1111111?
-1001001
In base 9, what is 2 - 6815?
-6813
In base 3, what is 2 + 222100200?
222100202
In base 3, what is 1010 - 12211101020?
-12211100010
In base 15, what is -1a5d60 + 5?
-1a5d5a
In base 14, what is 4 - -1160?
1164
In base 2, what is -11110100 - -100110010010?
100010011110
In base 11, what is 14 + -15711?
-156a8
In base 10, what is 668 - 3271?
-2603
In base 15, what is 7991 - 1?
7990
In base 11, what is 2 - -219341?
219343
In base 13, what is 60 - -4271?
4301
In base 8, what is -14 - -151750?
151734
In base 5, what is -3442423 - -2?
-3442421
In base 16, what is -5af + 1?
-5ae
In base 6, what is -5 + -144444?
-144453
In base 15, what is -1e9 - -e?
-1da
In base 3, what is 102000000012 + -2?
102000000010
In base 13, what is 6007 + -9?
5ccb
In base 14, what is 2 - 1a66?
-1a64
In base 10, what is 28 - -1067?
1095
In base 7, what is -3 + 4300?
4264
In base 16, what is 3 + -44e68?
-44e65
In base 5, what is 203420 - -20?
203440
In base 4, what is -23 + 1313300?
1313211
In base 3, what is -122211100200 - -2?
-122211100121
In base 3, what is -201212 - 22?
-202011
In base 11, what is -19 - -26a?
251
In base 4, what is -33 - 10232313?
-10233012
In base 3, what is -21122112121100 - 12?
-21122112121112
In base 16, what is -c395 - 4e?
-c3e3
In base 5, what is -2431144121 - 3?
-2431144124
In base 13, what is 6 + 2a0c?
2a15
In base 13, what is 14b3 - -188?
166b
In base 3, what is -100220121002 - 12?
-100220121021
In base 10, what is -2613 + 5?
-2608
In base 5, what is 12111412 + -10?
12111402
In base 4, what is 113133033 - 12?
113133021
In base 3, what is -11 - 100111001?
-100111012
In base 9, what is 8000 - -22?
8022
In base 11, what is 82 + -222a?
-2158
In base 6, what is 2532 + -135?
2353
In base 3, what is -20021 + -10202000?
-10222021
In base 14, what is 155a8 + -6?
155a2
In base 11, what is 3 - 1636?
-1633
In base 10, what is 1885 + -6?
1879
In base 14, what is 1 - 3118?
-3117
In base 15, what is -c9c4d + a?
-c9c43
In base 3, what is 121 - -1020111?
1021002
In base 9, what is 326 + 605?
1032
In base 8, what is 1045 - -405?
1452
In base 16, what is -b7 - 47cf?
-4886
In base 12, what is -3 - -a9870?
a9869
In base 9, what is -4 + 58728?
58724
In base 13, what is -1055a - -5?
-10555
In base 3, what is -212120 + 122021?
-20022
In base 15, what is -1753a - -6?
-17534
In base 15, what is 54 - -24e?
2a3
In base 6, what is -352204 - 2?
-352210
In base 15, what is -1a - 10b7b?
-10b96
In base 9, what is -36 - 7024?
-7061
In base 6, what is 45 - 4543?
-4454
In base 14, what is 135 + 5b0?
705
In base 4, what is -3103 + -301132?
-310301
In base 15, what is -4 - -b139?
b135
In base 9, what is -425 - 1632?
-2157
In base 11, what is -196889a + -3?
-19688a2
In base 10, what is -53 + -25601?
-25654
In base 12, what is -1b9 - -a69?
870
In base 10, what is -2 + 4048?
4046
In base 10, what is 176091 - 27?
176064
In base 14, what is b - -1d86?
1d93
In base 4, what is 10210 + 2220?
13030
In base 8, what is -6361 - 6?
-6367
In base 11, what is 3 - -404291?
404294
In base 10, what is 954753 + 3?
954756
In base 14, what is -3 + 3b50?
3b4b
In base 6, what is 3 - 20240154?
-20240151
In base 12, what is 100a5 - 4?
100a1
In base 14, what is -53 + -159?
-1ac
In base 3, what is 2101222221 - 11?
2101222210
In base 2, what is 111100111111001100 - -101?
111100111111010001
In base 2, what is 100001111 - -100111?
100110110
In base 13, what is 941 + -249?
6c5
In base 10, what is 5 - -2561?
2566
In base 4, what is 230 - 1332323?
-1332033
In base 4, what is -1 + 10201301?
10201300
In base 5, what is 11031212 + -33?
11031124
In base 12, what is -14b94 - 2?
-14b96
In base 15, what is -1 + 885ed?
885ec
In base 9, what is -4 + 15562?
15557
In base 2, what is 1101111010 + -100000010?
1001111000
In base 2, what is 1111 - 11011100100001?
-11011100010010
In base 15, what is 8b + -133d?
-12a2
In base 6, what is -4524 - -21?
-4503
In base 7, what is 11 + -201420?
-201406
In base 7, what is 121566601 + -1?
121566600
In base 14, what is -3 - 593d3?
-593d6
In base 4, what is -1 - -230311?
230310
In base 13, what is 2 - -25039?
2503b
In base 6, what is 31311 - -1533?
33244
In base 7, what is 14155355 - -3?
14155361
In base 15, what is 169a1 - -3?
169a4
In base 11, what is -179674 + 0?
-179674
In base 10, what is -2 + -55557?
-55559
In base 5, what is -23202 + 1?
-23201
In base 11, what is 4551 - -a5?
4646
In base 3, what is 11020222 + 1111?
11022110
In base 10, what is -1 - -12166?
12165
In base 10, what is 2690 + -71?
2619
In base 14, what is 1 + a70c5?
a70c6
In base 14, what is -7 - 10c?
-115
In base 5, what is 1023211 - -324?
1024040
In base 8, what is 7536 - 423?
7113
In base 3, what is 12 + 112111222?
112112011
In base 11, what is 8a000 - -2?
8a002
In base 8, what is 40136 - -5?
40143
In base 6, what is 0 + -22534?
-22534
In base 6, what is 5 + -224010?
-224001
In base 9, what is 5 - -21210?
21215
In base 11, what is -10 + -18457?
-18467
In base 7, what is 6 + -11155?
-11146
In base 16, what is afaa - -5?
afaf
In base 8, what is 1752 - 17?
1733
In base 12, what is 3 - 48ba?
-48b7
In base 8, what is 131504 - 27?
131455
In base 10, what is -666964 + 0?
-666964
In base 10, what is 1053714 + 4?
1053718
In base 16, what is -ade85 - 1?
-ade86
In base 11, what is -528004 + 2?
-528002
In base 4, what is -2300011 - 23312?
-2323323
In base 3, what is 2022211102 - 10?
2022211022
In base 7, what is 3 + -60123?
-60120
In base 10, what is 5 + -493773?
-493768
In base 10, what is 680501 - -4?
680505
In base 16, what is 2 - -3679?
367b
In base 14, what is -4678b - -10?
-4677b
In base 13, what is 22367 + -2?
22365
In base 2, what is 1101101 - 1100000?
1101
In base 16, what is c7e4 - -12?
c7f6
In base 6, what is -123235 + 1205?
-122030
In base 10, what is 2 + 42713?
42715
In base 14, what is -191 - -a?
-185
In base 7, what is 112 - -111544?
111656
In base 5, what is -1341 + 110?
-1231
In base 10, what is 174 - -735?
909
In base 15, what is 109a + -ae?
edb
In base 15, what is -e - -5da?
5cb
In base 10, what is -8024 + -41?
-8065
In base 12, what is 25aa - 3?
25a7
In base 8, what is -1 + 1330666?
1330665
In base 4, what is 122 - -103310?
110032
In base 4, what is 201 + 20312210?
20313011
In base 12, what is -712 + 14?
-6ba
In base 4, what is -1010 - -321210?
320200
In base 15, what is -9e + -52?
-101
In base 16, what is 17dd + 77?
1854
In base 12, what is 3257b - -2a?
325a9
In base 6, what is 3 + -31154?
-31151
In base 14, what is -9 + 31a8?
319d
In base 6, what is -11132 - 511?
-12043
In base 5, what is -202 + -1